{"id":3900,"date":"2024-07-20T07:39:46","date_gmt":"2024-07-20T06:39:46","guid":{"rendered":"https:\/\/cafe2sach.com\/?page_id=3900"},"modified":"2026-03-06T21:49:21","modified_gmt":"2026-03-06T12:49:21","slug":"books-online","status":"publish","type":"page","link":"https:\/\/cafe2sach.com\/index.php\/books-online\/","title":{"rendered":"Books Online"},"content":{"rendered":"<div id=\"toc_container\" class=\"no_bullets\"><p class=\"toc_title\">N\u1ed9i dung ch&iacute;nh<\/p><ul class=\"toc_list\"><li><a href=\"#Sach_Hoc_Ngoai_Ngu\"><span class=\"toc_number toc_depth_1\">1<\/span> S\u00e1ch H\u1ecdc Ngo\u1ea1i Ng\u1eef<\/a><\/li><li><a href=\"#Sach_Triet_hoc_va_ky_nang_song\"><span class=\"toc_number toc_depth_1\">2<\/span> S\u00e1ch Tri\u1ebft h\u1ecdc v\u00e0 k\u1ef9 n\u0103ng s\u1ed1ng<\/a><\/li><li><a href=\"#Chuan_bi_cho_cai_chet\"><span class=\"toc_number toc_depth_1\">3<\/span> Chu\u1ea9n b\u1ecb cho c\u00e1i ch\u1ebft<\/a><\/li><li><a href=\"#Sach_tieu_thuyet_hay\"><span class=\"toc_number toc_depth_1\">4<\/span> S\u00e1ch ti\u1ec3u thuy\u1ebft hay<\/a><\/li><\/ul><\/div>\n<h2><span id=\"Sach_Hoc_Ngoai_Ngu\">S\u00e1ch H\u1ecdc Ngo\u1ea1i Ng\u1eef<\/span><\/h2>\n<div style=\"display: flex; flex-wrap: wrap; gap: 10px;\">\n<div style=\"flex: 1 1 calc(33.33% - 10px);\">Korean Grammar in Use<br \/>\n<div class=\"_df_thumb \" id=\"df_4897\"  _slug=\"korean-grammar-in-use-beginner\" data-title=\"korean-grammar-in-use-beginner\" wpoptions=\"true\" thumbtype=\"\" >Korean grammar in use beginner<\/div><script class=\"df-shortcode-script\" type=\"application\/javascript\">window.option_df_4897 = {\"outline\":[],\"autoEnableOutline\":\"false\",\"autoEnableThumbnail\":\"false\",\"overwritePDFOutline\":\"false\",\"direction\":\"1\",\"pageSize\":\"0\",\"source\":\"http:\\\/\\\/cafe2sach.com\\\/wp-content\\\/uploads\\\/2025\\\/04\\\/korean-grammar-in-use-beginner-1.pdf\",\"wpOptions\":\"true\"}; if(window.DFLIP && window.DFLIP.parseBooks){window.DFLIP.parseBooks();}<\/script><\/div>\n<div style=\"flex: 1 1 calc(33.33% - 10px);\">Cambrige English Complete IELTS 6.5 &#8211; 7.5<br \/>\n<div class=\"_df_thumb \" id=\"df_5089\"  _slug=\"5089\" data-title=\"\" wpoptions=\"true\" thumb=\"http:\/\/cafe2sach.com\/wp-content\/uploads\/2025\/12\/Screenshot-2025-12-17-at-16.36.39.png\" thumbtype=\"\" >Open Book<\/div><script class=\"df-shortcode-script\" type=\"application\/javascript\">window.option_df_5089 = {\"outline\":[],\"autoEnableOutline\":\"false\",\"autoEnableThumbnail\":\"false\",\"overwritePDFOutline\":\"false\",\"direction\":\"1\",\"pageSize\":\"0\",\"source\":\"http:\\\/\\\/cafe2sach.com\\\/wp-content\\\/uploads\\\/2025\\\/12\\\/Complete-IELTS-Bands-6.5-7.5.pdf\",\"wpOptions\":\"true\"}; if(window.DFLIP && window.DFLIP.parseBooks){window.DFLIP.parseBooks();}<\/script><\/div>\n<\/div>\n<h2><span id=\"Sach_Triet_hoc_va_ky_nang_song\">S\u00e1ch Tri\u1ebft h\u1ecdc v\u00e0 k\u1ef9 n\u0103ng s\u1ed1ng<\/span><\/h2>\n<h2><\/h2>\n<h2><span id=\"Chuan_bi_cho_cai_chet\"><span style=\"color: #222222; font-family: Verdana, Geneva, sans-serif; font-size: 15px;\">Chu\u1ea9n b\u1ecb cho c\u00e1i ch\u1ebft<\/span><\/span><\/h2>\n<div><\/div>\n<div style=\"display: flex; flex-wrap: wrap; gap: 10px;\">\n<div><div class=\"_df_thumb \" id=\"df_5207\"  _slug=\"5207\" data-title=\"\" wpoptions=\"true\" thumb=\"http:\/\/cafe2sach.com\/wp-content\/uploads\/2026\/03\/Screen-Shot-2026-03-06-at-19.44.21.png\" thumbtype=\"\" >Open Book<\/div><script class=\"df-shortcode-script\" type=\"application\/javascript\">window.option_df_5207 = {\"outline\":[],\"autoEnableOutline\":\"false\",\"autoEnableThumbnail\":\"false\",\"overwritePDFOutline\":\"false\",\"direction\":\"1\",\"pageSize\":\"0\",\"source\":\"http:\\\/\\\/cafe2sach.com\\\/wp-content\\\/uploads\\\/2026\\\/03\\\/Chuan-Bi-Cho-Cai-Chet-Sri-Swami-Rama-Ly-Thu-Linh-Dich.pdf\",\"wpOptions\":\"true\"}; if(window.DFLIP && window.DFLIP.parseBooks){window.DFLIP.parseBooks();}<\/script><\/div>\n<div><\/div>\n<div><\/div>\n<div><\/div>\n<div><\/div>\n<div><\/div>\n<div><\/div>\n<div><\/div>\n<div><\/div>\n<div><\/div>\n<div><\/div>\n<div><\/div>\n<div><\/div>\n<div><\/div>\n<div style=\"flex: 1 1 calc(33.33% - 10px);\">\u00a0Dopamine Nation<br \/>\n<div class=\"_df_thumb \" id=\"df_5170\"  _slug=\"5170\" data-title=\"\" wpoptions=\"true\" thumb=\"http:\/\/cafe2sach.com\/wp-content\/uploads\/2026\/01\/Screenshot-2026-01-11-at-16.40.14.png\" thumbtype=\"\" >Open Book<\/div><script class=\"df-shortcode-script\" type=\"application\/javascript\">window.option_df_5170 = {\"outline\":[],\"autoEnableOutline\":\"false\",\"autoEnableThumbnail\":\"false\",\"overwritePDFOutline\":\"false\",\"direction\":\"1\",\"pageSize\":\"0\",\"source\":\"http:\\\/\\\/cafe2sach.com\\\/wp-content\\\/uploads\\\/2026\\\/01\\\/Dopamine-Nation.pdf\",\"wpOptions\":\"true\"}; if(window.DFLIP && window.DFLIP.parseBooks){window.DFLIP.parseBooks();}<\/script><\/div>\n<div style=\"flex: 1 1 calc(33.33% - 10px);\">Deep Work<br \/>\n<div class=\"_df_thumb \" id=\"df_4432\"  _slug=\"4432\" data-title=\"\" wpoptions=\"true\" thumb=\"http:\/\/cafe2sach.com\/wp-content\/uploads\/2024\/11\/Screen-Shot-2024-11-04-at-11.33.40.png\" thumbtype=\"\" >Open Book<\/div><script class=\"df-shortcode-script\" type=\"application\/javascript\">window.option_df_4432 = {\"outline\":[],\"autoEnableOutline\":\"false\",\"autoEnableThumbnail\":\"false\",\"overwritePDFOutline\":\"false\",\"direction\":\"1\",\"pageSize\":\"0\",\"source\":\"http:\\\/\\\/cafe2sach.com\\\/wp-content\\\/uploads\\\/2024\\\/11\\\/Deep-Work-Rules-for-Focused-Success-in-a-Distracted-World.pdf\",\"wpOptions\":\"true\"}; if(window.DFLIP && window.DFLIP.parseBooks){window.DFLIP.parseBooks();}<\/script><\/div>\n<div><\/div>\n<div style=\"flex: 1 1 calc(33.33% - 10px);\">\u0110\u1ea1o \u0111\u1ee9c kinh &#8211; L\u00e3o T\u1eed<br \/>\n<div class=\"_df_thumb \" id=\"df_3978\"  _slug=\"lao-tu-dao-duc-kinh\" data-title=\"lao-tu-dao-duc-kinh\" wpoptions=\"true\" thumb=\"http:\/\/cafe2sach.com\/wp-content\/uploads\/2023\/04\/IMG_1787-2-scaled.jpg\" thumbtype=\"\" >L\u00e3o T\u1eed &#8211; \u0110\u1ea1o \u0110\u1ee9c Kinh<\/div><script class=\"df-shortcode-script\" type=\"application\/javascript\">window.option_df_3978 = {\"outline\":[],\"autoEnableOutline\":\"false\",\"autoEnableThumbnail\":\"false\",\"overwritePDFOutline\":\"false\",\"direction\":\"1\",\"pageSize\":\"0\",\"source\":\"http:\\\/\\\/cafe2sach.com\\\/wp-content\\\/uploads\\\/2024\\\/08\\\/daoduckinh-laotu_nguyenduycan.pdf\",\"wpOptions\":\"true\"}; if(window.DFLIP && window.DFLIP.parseBooks){window.DFLIP.parseBooks();}<\/script><\/div>\n<div style=\"flex: 1 1 calc(33.33% - 10px);\">Hi\u1ec3u v\u1ec1 tr\u00e1i tim &#8211; Minh Ni\u1ec7m<br \/>\n<div class=\"_df_thumb \" id=\"df_4441\"  _slug=\"hieu-ve-trai-tim\" data-title=\"hieu-ve-trai-tim\" wpoptions=\"true\" thumb=\"http:\/\/cafe2sach.com\/wp-content\/uploads\/2024\/11\/Screen-Shot-2024-11-06-at-14.30.25.png\" thumbtype=\"\" >Hi\u1ec3u v\u1ec1 tr\u00e1i tim<\/div><script class=\"df-shortcode-script\" type=\"application\/javascript\">window.option_df_4441 = {\"outline\":[],\"autoEnableOutline\":\"false\",\"autoEnableThumbnail\":\"false\",\"overwritePDFOutline\":\"false\",\"direction\":\"1\",\"pageSize\":\"0\",\"source\":\"http:\\\/\\\/cafe2sach.com\\\/wp-content\\\/uploads\\\/2024\\\/11\\\/hieu-ve-trai-tim.pdf\",\"wpOptions\":\"true\"}; if(window.DFLIP && window.DFLIP.parseBooks){window.DFLIP.parseBooks();}<\/script><\/div>\n<div style=\"flex: 1 1 calc(33.33% - 10px);\">T\u1ea1i sao \u0111\u00e0n \u00f4ng th\u00edch t\u00ecnh d\u1ee5c, \u0111\u00e0n b\u00e0 th\u00edch t\u00ecnh y\u00eau<br \/>\n<div class=\"_df_thumb \" id=\"df_4881\"  _slug=\"4881\" data-title=\"tai-sao-dan-ong-thich-tinh-duc-dan-ba-can-tinh-yeu\" wpoptions=\"true\" thumbtype=\"\" >T\u1ea1i sao \u0111\u00e0n \u00f4ng th\u00edch t\u00ecnh d\u1ee5c, \u0111\u00e0n b\u00e0 c\u1ea7n t\u00ecnh y\u00eau<\/div><script class=\"df-shortcode-script\" type=\"application\/javascript\">window.option_df_4881 = {\"outline\":[],\"autoEnableOutline\":\"false\",\"autoEnableThumbnail\":\"false\",\"overwritePDFOutline\":\"false\",\"direction\":\"1\",\"pageSize\":\"0\",\"source\":\"http:\\\/\\\/cafe2sach.com\\\/wp-content\\\/uploads\\\/2025\\\/03\\\/Tai-Sao-Dan-Ong-Thich-Tinh-Duc-Va-Phu-Nu-Can-Tinh-Yeu-khoahoctamlinh.vn_.pdf\",\"wpOptions\":\"true\"}; if(window.DFLIP && window.DFLIP.parseBooks){window.DFLIP.parseBooks();}<\/script><\/div>\n<div style=\"flex: 1 1 calc(33.33% - 10px);\">Ch\u1ee7 ngh\u0129a kh\u1eafc k\u1ef7<br \/>\n<div class=\"_df_thumb \" id=\"df_4521\"  _slug=\"4521\" data-title=\"\" wpoptions=\"true\" thumb=\"http:\/\/cafe2sach.com\/wp-content\/uploads\/2024\/10\/24_ResearchInsights_Cooper_Banner_2560x1440.jpg\" thumbtype=\"\" >Open Book<\/div><script class=\"df-shortcode-script\" type=\"application\/javascript\">window.option_df_4521 = {\"outline\":[],\"autoEnableOutline\":\"false\",\"autoEnableThumbnail\":\"false\",\"overwritePDFOutline\":\"false\",\"direction\":\"1\",\"pageSize\":\"0\",\"source\":\"http:\\\/\\\/cafe2sach.com\\\/wp-content\\\/uploads\\\/2025\\\/02\\\/Chu-Nghia-Khac-Ky-Phong-Cach-Song-Ban-Linh-Va-Binh-Than-William-B.-Irvine.pdf\",\"wpOptions\":\"true\"}; if(window.DFLIP && window.DFLIP.parseBooks){window.DFLIP.parseBooks();}<\/script><\/div>\n<div style=\"flex: 1 1 calc(33.33% - 10px);\">Phi L\u00fd Tr\u00ed &#8211; Dan Ariely<br \/>\n<div class=\"_df_thumb \" id=\"df_5032\"  _slug=\"phi-ly-tri\" data-title=\"d-dflipsach-khoa-hoc-ky-thuatxu-ly-ngon-ngu-tu-nhien-nlp-voi-ngon-ngu-pythonxu-ly-ngon-ngu-tu-nhien-voi-pythonwindow-option_df_4380-outlineautoenableoutlinefalseautoenablethum\" wpoptions=\"true\" thumb=\"http:\/\/cafe2sach.com\/wp-content\/uploads\/2025\/06\/abstract_image.png\" thumbtype=\"\" >[d\/dflip]&lt;\/div&gt;\n&lt;\/div&gt;\n&lt;h2&gt;S\u00e1ch khoa h\u1ecdc k\u1ef9 thu\u1eadt&lt;\/h2&gt;\n&lt;div style=&quot;display: flex; flex-wrap: wrap; gap: 10px;&quot;&gt;\n&lt;div style=&quot;flex: 1 1 calc(33.33% - 10px);&quot;&gt;X\u1eed l\u00fd ng\u00f4n ng\u1eef t\u1ef1 nhi\u00ean (NLP) v\u1edbi ng\u00f4n ng\u1eef Python&lt;br \/&gt;\n&lt;div class=&quot;_df_thumb &quot; id=&quot;df_4380&quot;  _slug=&quot;xu-ly-ngon-ngu-tu-nhien-voi-python&quot; data-title=&quot;xu-ly-ngon-ngu-tu-nhien-voi-python&quot; wpoptions=&quot;true&quot; thumb=&quot;http:\/\/cafe2sach.com\/wp-content\/uploads\/2024\/10\/Screenshot-2024-10-19-at-16.51.32.png&quot; thumbtype=&quot;&quot; &gt;X\u1eed l\u00fd ng\u00f4n ng\u1eef t\u1ef1 nhi\u00ean v\u1edbi Python&lt;\/div&gt;&lt;script class=&quot;df-shortcode-script&quot; type=&quot;application\/javascript&quot;&gt;window.option_df_4380 = {&quot;outline&quot;:[],&quot;autoEnableOutline&quot;:&quot;false&quot;,&quot;autoEnableThumbnail&quot;:&quot;false&quot;,&quot;overwritePDFOutline&quot;:&quot;false&quot;,&quot;direction&quot;:&quot;1&quot;,&quot;pageSize&quot;:&quot;0&quot;,&quot;source&quot;:&quot;http:\\\/\\\/cafe2sach.com\\\/wp-content\\\/uploads\\\/2024\\\/10\\\/NLTK.pdf&quot;,&quot;wpOptions&quot;:&quot;true&quot;}; if(window.DFLIP &amp;&amp; window.DFLIP.parseBooks){window.DFLIP.parseBooks();}&lt;\/script&gt;<\/div><script class=\"df-shortcode-script\" type=\"application\/javascript\">window.option_df_5032 = {\"outline\":[],\"autoEnableOutline\":\"false\",\"autoEnableThumbnail\":\"false\",\"overwritePDFOutline\":\"false\",\"direction\":\"1\",\"pageSize\":\"0\",\"source\":\"http:\\\/\\\/cafe2sach.com\\\/wp-content\\\/uploads\\\/2025\\\/08\\\/Phi-Ly-Tri.pdf\",\"wpOptions\":\"true\"}; if(window.DFLIP && window.DFLIP.parseBooks){window.DFLIP.parseBooks();}<\/script><\/div>\n<div style=\"flex: 1 1 calc(33.33% - 10px);\">H\u1ecdc s\u00e2u CheatSheet<br \/>\n<div class=\"_df_thumb \" id=\"df_5040\"  _slug=\"5040\" data-title=\"hoc-sau-cheatsheet\" wpoptions=\"true\" thumb=\"http:\/\/cafe2sach.com\/wp-content\/uploads\/2024\/08\/Screenshot-2024-08-05-at-09.56.38.png\" thumbtype=\"\" >H\u1ecdc s\u00e2u CheatSheet<\/div><script class=\"df-shortcode-script\" type=\"application\/javascript\">window.option_df_5040 = {\"outline\":[],\"autoEnableOutline\":\"false\",\"autoEnableThumbnail\":\"false\",\"overwritePDFOutline\":\"false\",\"direction\":\"1\",\"pageSize\":\"0\",\"source\":\"http:\\\/\\\/cafe2sach.com\\\/wp-content\\\/uploads\\\/2025\\\/08\\\/super-cheatsheet-deep-learning.pdf\",\"wpOptions\":\"true\"}; if(window.DFLIP && window.DFLIP.parseBooks){window.DFLIP.parseBooks();}<\/script><\/div>\n<div style=\"flex: 1 1 calc(33.33% - 10px);\">The Official Ubuntu Book<br \/>\n<div class=\"_df_thumb \" id=\"df_4410\"  _slug=\"4410\" data-title=\"\" wpoptions=\"true\" thumb=\"http:\/\/cafe2sach.com\/wp-content\/uploads\/2024\/10\/Screen-Shot-2024-10-29-at-14.09.02.png\" thumbtype=\"\" >Open Book<\/div><script class=\"df-shortcode-script\" type=\"application\/javascript\">window.option_df_4410 = {\"outline\":[],\"autoEnableOutline\":\"false\",\"autoEnableThumbnail\":\"false\",\"overwritePDFOutline\":\"false\",\"direction\":\"1\",\"pageSize\":\"0\",\"source\":\"http:\\\/\\\/cafe2sach.com\\\/wp-content\\\/uploads\\\/2024\\\/10\\\/The-Official-Ubuntu-Book-Ninth-Edition-PDFDrive-.pdf\",\"wpOptions\":\"true\"}; if(window.DFLIP && window.DFLIP.parseBooks){window.DFLIP.parseBooks();}<\/script><\/div>\n<div style=\"flex: 1 1 calc(33.33% - 10px);\">Artificial Intelligence: A Modern Approach<br \/>\n<div class=\"_df_thumb \" id=\"df_3930\"  _slug=\"3930\" data-title=\"\" wpoptions=\"true\" thumb=\"http:\/\/cafe2sach.com\/wp-content\/uploads\/2024\/08\/Screenshot-2024-08-05-at-09.56.38.png\" thumbtype=\"\" >Open Book<\/div><script class=\"df-shortcode-script\" type=\"application\/javascript\">window.option_df_3930 = {\"outline\":[],\"autoEnableOutline\":\"false\",\"autoEnableThumbnail\":\"false\",\"overwritePDFOutline\":\"false\",\"direction\":\"1\",\"pageSize\":\"0\",\"source\":\"http:\\\/\\\/cafe2sach.com\\\/wp-content\\\/uploads\\\/2024\\\/08\\\/AI_Russell_Norvig-1.pdf\",\"wpOptions\":\"true\"}; if(window.DFLIP && window.DFLIP.parseBooks){window.DFLIP.parseBooks();}<\/script><\/div>\n<div style=\"flex: 1 1 calc(33.33% - 10px);\">Reinforcement Learning: An Introduction<br \/>\n<div class=\"_df_thumb \" id=\"df_4422\"  _slug=\"4422\" data-title=\"reinforcement-learning-an-introduction\" wpoptions=\"true\" thumb=\"http:\/\/cafe2sach.com\/wp-content\/uploads\/2022\/08\/hethongkhuyengnhi.jpg\" thumbtype=\"\" >Reinforcement Learning: An Introduction<\/div><script class=\"df-shortcode-script\" type=\"application\/javascript\">window.option_df_4422 = {\"outline\":[],\"autoEnableOutline\":\"false\",\"autoEnableThumbnail\":\"false\",\"overwritePDFOutline\":\"false\",\"direction\":\"1\",\"pageSize\":\"0\",\"source\":\"http:\\\/\\\/cafe2sach.com\\\/wp-content\\\/uploads\\\/2024\\\/10\\\/reenforcement-learning.pdf\",\"wpOptions\":\"true\"}; if(window.DFLIP && window.DFLIP.parseBooks){window.DFLIP.parseBooks();}<\/script><\/div>\n<div style=\"flex: 1 1 calc(33.33% - 10px);\">Writing Science<br \/>\n<div class=\"_df_thumb \" id=\"df_3128\"  _slug=\"writing-science\" data-title=\"writing-science\" wpoptions=\"true\" thumb=\"https:\/\/cafe2sach.com\/wp-content\/uploads\/2023\/04\/image-5.png\" thumbtype=\"\" >Writing science<\/div><script class=\"df-shortcode-script\" type=\"application\/javascript\">window.option_df_3128 = {\"outline\":[],\"autoEnableOutline\":\"false\",\"autoEnableThumbnail\":\"false\",\"overwritePDFOutline\":\"false\",\"direction\":\"1\",\"pageSize\":\"0\",\"source\":\"https:\\\/\\\/cafe2sach.com\\\/wp-content\\\/uploads\\\/2023\\\/07\\\/Writing-Science-How-to-Write-Papers-That-Get-Cited-and-Proposals-That-Get-Funded.pdf\",\"wpOptions\":\"true\"}; if(window.DFLIP && window.DFLIP.parseBooks){window.DFLIP.parseBooks();}<\/script><\/div>\n<div style=\"flex: 1 1 calc(33.33% - 10px);\">Everything You Always Wanted To Know About Mathematics<br \/>\n<div class=\"_df_thumb \" id=\"df_3000\"  _slug=\"everything-you-always-wanted-toknow-about-mathematics\" data-title=\"everything-you-always-wanted-toknow-about-mathematics\" wpoptions=\"true\" thumbtype=\"\" >Everything You Always Wanted ToKnow About Mathematics*<\/div><script class=\"df-shortcode-script\" type=\"application\/javascript\">window.option_df_3000 = {\"outline\":[],\"autoEnableOutline\":\"false\",\"autoEnableThumbnail\":\"false\",\"overwritePDFOutline\":\"false\",\"direction\":\"1\",\"pageSize\":\"0\",\"source\":\"https:\\\/\\\/cafe2sach.com\\\/wp-content\\\/uploads\\\/2023\\\/06\\\/bws_book.pdf\",\"wpOptions\":\"true\"}; if(window.DFLIP && window.DFLIP.parseBooks){window.DFLIP.parseBooks();}<\/script><\/div>\n<div style=\"flex: 1 1 calc(33.33% - 10px);\">How to Build Your Career in AI<br \/>\n<div class=\"_df_thumb \" id=\"df_3007\"  _slug=\"3007\" data-title=\"how-to-build-a-career-in-ai\" wpoptions=\"true\" thumbtype=\"\" >How to build a career in AI<\/div><script class=\"df-shortcode-script\" type=\"application\/javascript\">window.option_df_3007 = {\"webgl\":\"true\",\"outline\":[],\"backgroundColor\":\"#fff\",\"hard\":\"cover\",\"autoEnableOutline\":\"false\",\"autoEnableThumbnail\":\"false\",\"overwritePDFOutline\":\"false\",\"direction\":\"1\",\"pageSize\":\"0\",\"source\":\"https:\\\/\\\/cafe2sach.com\\\/wp-content\\\/uploads\\\/2023\\\/06\\\/eBook-How-to-Build-a-Career-in-AI.pdf\",\"wpOptions\":\"true\"}; if(window.DFLIP && window.DFLIP.parseBooks){window.DFLIP.parseBooks();}<\/script><\/div>\n<div style=\"flex: 1 1 calc(33.33% - 10px);\">Machine Learning<br \/>\n<div class=\"_df_thumb \" id=\"df_2967\"  _slug=\"machine-learning\" data-title=\"machine-learning\" wpoptions=\"true\" thumb=\"https:\/\/cafe2sach.com\/wp-content\/uploads\/2022\/11\/Screen-Shot-2022-11-13-at-15.16.18-1.png\" thumbtype=\"\" >Machine Learning<\/div><script class=\"df-shortcode-script\" type=\"application\/javascript\">window.option_df_2967 = {\"outline\":[],\"autoEnableOutline\":\"false\",\"autoEnableThumbnail\":\"false\",\"overwritePDFOutline\":\"false\",\"direction\":\"1\",\"pageSize\":\"0\",\"source\":\"https:\\\/\\\/cafe2sach.com\\\/wp-content\\\/uploads\\\/2023\\\/03\\\/Machine-Learning-Tom-Mitchell.pdf\",\"wpOptions\":\"true\"}; if(window.DFLIP && window.DFLIP.parseBooks){window.DFLIP.parseBooks();}<\/script><\/div>\n<div style=\"flex: 1 1 calc(33.33% - 10px);\">Computer Network<br \/>\n<div class=\"_df_thumb \" id=\"df_3539\"  _slug=\"computers-network\" data-title=\"computers-network\" wpoptions=\"true\" thumb=\"https:\/\/cafe2sach.com\/wp-content\/uploads\/2023\/10\/Screenshot-2023-10-28-at-09.56.54.png\" thumbtype=\"\" >Computers Network<\/div><script class=\"df-shortcode-script\" type=\"application\/javascript\">window.option_df_3539 = {\"outline\":[],\"autoEnableOutline\":\"false\",\"autoEnableThumbnail\":\"false\",\"overwritePDFOutline\":\"false\",\"direction\":\"1\",\"pageSize\":\"0\",\"source\":\"https:\\\/\\\/cafe2sach.com\\\/wp-content\\\/uploads\\\/2023\\\/10\\\/Andrew-S.-Tanenbaum-Computer-Networks.pdf\",\"wpOptions\":\"true\"}; if(window.DFLIP && window.DFLIP.parseBooks){window.DFLIP.parseBooks();}<\/script><\/div>\n<\/div>\n<div style=\"flex: 1 1 calc(33.33% - 10px);\">A brief history of time<br \/>\n<div class=\"_df_thumb \" id=\"df_5186\"  _slug=\"a-brief-history-of-time\" data-title=\"a-brief-history-of-time\" wpoptions=\"true\" thumb=\"http:\/\/cafe2sach.com\/wp-content\/uploads\/2026\/01\/Screenshot-2026-01-23-at-14.09.57.png\" thumbtype=\"\" >A brief history of time<\/div><script class=\"df-shortcode-script\" type=\"application\/javascript\">window.option_df_5186 = {\"outline\":[],\"autoEnableOutline\":\"false\",\"autoEnableThumbnail\":\"false\",\"overwritePDFOutline\":\"false\",\"direction\":\"1\",\"pageSize\":\"0\",\"source\":\"http:\\\/\\\/cafe2sach.com\\\/wp-content\\\/uploads\\\/2026\\\/01\\\/stephen_hawking_a_brief_history_of_time.pdf\",\"wpOptions\":\"true\"}; if(window.DFLIP && window.DFLIP.parseBooks){window.DFLIP.parseBooks();}<\/script><\/div>\n<h2><span id=\"Sach_tieu_thuyet_hay\">S\u00e1ch ti\u1ec3u thuy\u1ebft hay<\/span><\/h2>\n<div style=\"display: flex; flex-wrap: wrap; gap: 10px;\">\n<div style=\"flex: 1 1 calc(33.33% - 10px);\">Kh\u00f4ng gia \u0111\u00ecnh<br \/>\n<div class=\"_df_thumb \" id=\"df_3893\"  _slug=\"khong-gia-dinh\" data-title=\"khong-gia-dinh\" wpoptions=\"true\" thumb=\"http:\/\/cafe2sach.com\/wp-content\/uploads\/2022\/12\/IMG_9926-scaled.jpg\" thumbtype=\"\" >Kh\u00f4ng gia \u0111\u00ecnh<\/div><script class=\"df-shortcode-script\" type=\"application\/javascript\">window.option_df_3893 = {\"outline\":[],\"autoEnableOutline\":\"false\",\"autoEnableThumbnail\":\"false\",\"overwritePDFOutline\":\"false\",\"direction\":\"1\",\"pageSize\":\"0\",\"source\":\"http:\\\/\\\/cafe2sach.com\\\/wp-content\\\/uploads\\\/2024\\\/07\\\/Kho\\u0302ng-gia-di\\u0300nh.-.pdf\",\"wpOptions\":\"true\"}; if(window.DFLIP && window.DFLIP.parseBooks){window.DFLIP.parseBooks();}<\/script><\/div>\n<div style=\"flex: 1 1 calc(33.33% - 10px);\">Ch\u00e2n dung c\u1ee7a Dorian Gray<br \/>\n<div class=\"_df_thumb \" id=\"df_4453\"  _slug=\"4453\" data-title=\"\" wpoptions=\"true\" thumb=\"http:\/\/cafe2sach.com\/wp-content\/uploads\/2024\/11\/Screenshot-2024-11-07-at-00.07.07.png\" thumbtype=\"\" >Open Book<\/div><script class=\"df-shortcode-script\" type=\"application\/javascript\">window.option_df_4453 = {\"outline\":[],\"autoEnableOutline\":\"false\",\"autoEnableThumbnail\":\"false\",\"overwritePDFOutline\":\"false\",\"direction\":\"1\",\"pageSize\":\"0\",\"source\":\"http:\\\/\\\/cafe2sach.com\\\/wp-content\\\/uploads\\\/2024\\\/11\\\/chan_dung_cua_dorian_gray__oscar_wilde.pdf\",\"wpOptions\":\"true\"}; if(window.DFLIP && window.DFLIP.parseBooks){window.DFLIP.parseBooks();}<\/script><\/div>\n<div style=\"flex: 1 1 calc(33.33% - 10px);\">Nh\u1eefng di ch\u00fac b\u1ecb ph\u1ea3n b\u1ed9i &#8211; Milan Kundera<br \/>\n<div class=\"_df_thumb \" id=\"df_3167\"  _slug=\"nhung-di-chuc-bi-phan-boi\" data-title=\"nhung-di-chuc-bi-phan-boi\" wpoptions=\"true\" thumb=\"https:\/\/cafe2sach.com\/wp-content\/uploads\/2023\/07\/sach.jpeg\" thumbtype=\"\" >Nh\u1eefng di ch\u00fac b\u1ecb ph\u1ea3n b\u1ed9i<\/div><script class=\"df-shortcode-script\" type=\"application\/javascript\">window.option_df_3167 = {\"outline\":[],\"autoEnableOutline\":\"false\",\"autoEnableThumbnail\":\"false\",\"overwritePDFOutline\":\"false\",\"direction\":\"1\",\"pageSize\":\"0\",\"source\":\"https:\\\/\\\/cafe2sach.com\\\/wp-content\\\/uploads\\\/2023\\\/07\\\/nhungdichucbiphanboi.pdf\",\"wpOptions\":\"true\"}; if(window.DFLIP && window.DFLIP.parseBooks){window.DFLIP.parseBooks();}<\/script><\/div>\n<div style=\"flex: 1 1 calc(33.33% - 10px);\">Alice in Wonderland<br \/>\n<div class=\"_df_thumb \" id=\"df_3116\"  _slug=\"3116\" data-title=\"alice-in-wonderland\" wpoptions=\"true\" thumbtype=\"\" >Alice in wonderland<\/div><script class=\"df-shortcode-script\" type=\"application\/javascript\">window.option_df_3116 = {\"outline\":[],\"autoEnableOutline\":\"false\",\"autoEnableThumbnail\":\"false\",\"overwritePDFOutline\":\"false\",\"direction\":\"1\",\"pageSize\":\"0\",\"source\":\"https:\\\/\\\/cafe2sach.com\\\/wp-content\\\/uploads\\\/2023\\\/07\\\/Alice-In-Wonderland.pdf\",\"wpOptions\":\"true\"}; if(window.DFLIP && window.DFLIP.parseBooks){window.DFLIP.parseBooks();}<\/script><\/div>\n<div style=\"flex: 1 1 calc(33.33% - 10px);\"><\/div>\n<div style=\"flex: 1 1 calc(33.33% - 10px);\">The Castle<br \/>\n<div class=\"_df_thumb \" id=\"df_4475\"  _slug=\"the-castle-franz-kafka\" data-title=\"the-castle-franz-kafka\" wpoptions=\"true\" thumb=\"http:\/\/cafe2sach.com\/wp-content\/uploads\/2024\/11\/Screen-Shot-2024-11-13-at-12.35.25.png\" thumbtype=\"\" >The Castle &#8211; Franz kafka<\/div><script class=\"df-shortcode-script\" type=\"application\/javascript\">window.option_df_4475 = {\"outline\":[],\"autoEnableOutline\":\"false\",\"autoEnableThumbnail\":\"false\",\"overwritePDFOutline\":\"false\",\"direction\":\"1\",\"pageSize\":\"0\",\"source\":\"http:\\\/\\\/cafe2sach.com\\\/wp-content\\\/uploads\\\/2024\\\/11\\\/Franz-Kafka-The-Castle-Oxford-Worlds-Classics-2009.pdf\",\"wpOptions\":\"true\"}; if(window.DFLIP && window.DFLIP.parseBooks){window.DFLIP.parseBooks();}<\/script><\/div>\n<\/div>\n","protected":false},"excerpt":{"rendered":"<p>N\u1ed9i dung ch&iacute;nh1 S\u00e1ch H\u1ecdc Ngo\u1ea1i Ng\u1eef2 S\u00e1ch Tri\u1ebft h\u1ecdc v\u00e0 k\u1ef9 n\u0103ng s\u1ed1ng3 Chu\u1ea9n b\u1ecb cho c\u00e1i ch\u1ebft4 S\u00e1ch [&hellip;]<\/p>\n","protected":false},"author":2,"featured_media":0,"parent":0,"menu_order":0,"comment_status":"open","ping_status":"closed","template":"","meta":{"footnotes":""},"class_list":["post-3900","page","type-page","status-publish","hentry"],"_links":{"self":[{"href":"https:\/\/cafe2sach.com\/index.php\/wp-json\/wp\/v2\/pages\/3900","targetHints":{"allow":["GET"]}}],"collection":[{"href":"https:\/\/cafe2sach.com\/index.php\/wp-json\/wp\/v2\/pages"}],"about":[{"href":"https:\/\/cafe2sach.com\/index.php\/wp-json\/wp\/v2\/types\/page"}],"author":[{"embeddable":true,"href":"https:\/\/cafe2sach.com\/index.php\/wp-json\/wp\/v2\/users\/2"}],"replies":[{"embeddable":true,"href":"https:\/\/cafe2sach.com\/index.php\/wp-json\/wp\/v2\/comments?post=3900"}],"version-history":[{"count":72,"href":"https:\/\/cafe2sach.com\/index.php\/wp-json\/wp\/v2\/pages\/3900\/revisions"}],"predecessor-version":[{"id":5212,"href":"https:\/\/cafe2sach.com\/index.php\/wp-json\/wp\/v2\/pages\/3900\/revisions\/5212"}],"wp:attachment":[{"href":"https:\/\/cafe2sach.com\/index.php\/wp-json\/wp\/v2\/media?parent=3900"}],"curies":[{"name":"wp","href":"https:\/\/api.w.org\/{rel}","templated":true}]}}